{"id":128,"date":"2009-04-22T13:21:08","date_gmt":"2009-04-22T11:21:08","guid":{"rendered":"http:\/\/www.javierfalco.com\/blog\/?page_id=128"},"modified":"2012-02-16T23:27:34","modified_gmt":"2012-02-16T22:27:34","slug":"a-cerca-de","status":"publish","type":"page","link":"https:\/\/www.javierfalco.com\/blog\/a-cerca-de\/","title":{"rendered":"Acerca de&#8230;"},"content":{"rendered":"<p><em>M\u00e1cula L\u00fatea&#8230;.reflexiones fotogr\u00e1ficas<\/em>, <a href=\"https:\/\/www.javierfalco.com\/blog\/?p=71\">nace<\/a> como complemento de\u00a0<a href=\"http:\/\/www.javierfalco.com\">Fotograf\u00edas de Javier Falc\u00f3<\/a>, y tiene como finalidad enriquecerse de los comentarios de todas aquellas personas que deseen expresar su opini\u00f3n sobre temas relacionados con la fotograf\u00eda.<\/p>\n<p><img loading=\"lazy\" decoding=\"async\" class=\"alignnone size-full wp-image-1630 colorbox-128\" title=\"acercade\" src=\"https:\/\/www.javierfalco.com\/blog\/wp-content\/uploads\/2009\/04\/acercade.jpg\" alt=\"\" width=\"550\" height=\"367\" srcset=\"https:\/\/www.javierfalco.com\/blog\/wp-content\/uploads\/2009\/04\/acercade.jpg 550w, https:\/\/www.javierfalco.com\/blog\/wp-content\/uploads\/2009\/04\/acercade-300x200.jpg 300w\" sizes=\"auto, (max-width: 550px) 100vw, 550px\" \/><\/p>\n<p><em>Fotograf\u00eda: <a href=\"http:\/\/www.cazurro.com\/\">Carlos Cazurro<\/a><\/em><\/p>\n","protected":false},"excerpt":{"rendered":"<p>M\u00e1cula L\u00fatea&#8230;.reflexiones fotogr\u00e1ficas, nace como complemento de\u00a0Fotograf\u00edas de Javier Falc\u00f3, y tiene como finalidad enriquecerse de los comentarios de todas aquellas personas que deseen expresar su opini\u00f3n sobre temas relacionados con la fotograf\u00eda. Fotograf\u00eda: Carlos Cazurro<\/p>\n","protected":false},"author":4,"featured_media":0,"parent":0,"menu_order":0,"comment_status":"closed","ping_status":"closed","template":"","meta":{"footnotes":""},"class_list":["post-128","page","type-page","status-publish","hentry"],"_links":{"self":[{"href":"https:\/\/www.javierfalco.com\/blog\/wp-json\/wp\/v2\/pages\/128","targetHints":{"allow":["GET"]}}],"collection":[{"href":"https:\/\/www.javierfalco.com\/blog\/wp-json\/wp\/v2\/pages"}],"about":[{"href":"https:\/\/www.javierfalco.com\/blog\/wp-json\/wp\/v2\/types\/page"}],"author":[{"embeddable":true,"href":"https:\/\/www.javierfalco.com\/blog\/wp-json\/wp\/v2\/users\/4"}],"replies":[{"embeddable":true,"href":"https:\/\/www.javierfalco.com\/blog\/wp-json\/wp\/v2\/comments?post=128"}],"version-history":[{"count":19,"href":"https:\/\/www.javierfalco.com\/blog\/wp-json\/wp\/v2\/pages\/128\/revisions"}],"predecessor-version":[{"id":4401,"href":"https:\/\/www.javierfalco.com\/blog\/wp-json\/wp\/v2\/pages\/128\/revisions\/4401"}],"wp:attachment":[{"href":"https:\/\/www.javierfalco.com\/blog\/wp-json\/wp\/v2\/media?parent=128"}],"curies":[{"name":"wp","href":"https:\/\/api.w.org\/{rel}","templated":true}]}}

<p><em>Mácula Lútea&#8230;.reflexiones fotográficas</em>, <a href="https://www.javierfalco.com/blog/?p=71">nace</a> como complemento de <a href="http://www.javierfalco.com">Fotografías de Javier Falcó</a>, y tiene como finalidad enriquecerse de los comentarios de todas aquellas personas que deseen expresar su opinión sobre temas relacionados con la fotografía.</p>
<p><img loading="lazy" decoding="async" class="alignnone size-full wp-image-1630 colorbox-128" title="acercade" src="https://www.javierfalco.com/blog/wp-content/uploads/2009/04/acercade.jpg" alt="" width="550" height="367" srcset="https://www.javierfalco.com/blog/wp-content/uploads/2009/04/acercade.jpg 550w, https://www.javierfalco.com/blog/wp-content/uploads/2009/04/acercade-300x200.jpg 300w" sizes="auto, (max-width: 550px) 100vw, 550px" /></p>
<p><em>Fotografía: <a href="http://www.cazurro.com/">Carlos Cazurro</a></em></p>

<p>Mácula Lútea&#8230;.reflexiones fotográficas, nace como complemento de Fotografías de Javier Falcó, y tiene como finalidad enriquecerse de los comentarios de todas aquellas personas que deseen expresar su opinión sobre temas relacionados con la fotografía. Fotografía: Carlos Cazurro</p>
