{"id":1370,"date":"2010-04-07T09:55:43","date_gmt":"2010-04-07T08:55:43","guid":{"rendered":"http:\/\/www.javierfalco.com\/blog\/?page_id=1370"},"modified":"2012-02-19T23:11:52","modified_gmt":"2012-02-19T22:11:52","slug":"portfolio","status":"publish","type":"page","link":"https:\/\/www.javierfalco.com\/blog\/portfolio\/","title":{"rendered":"Portfolio"},"content":{"rendered":"<p>El\u00a0<a href=\"http:\/\/javierfalco.com\/portfolio\/\">Portfolio<\/a> es la principal v\u00eda que tengo para mostrar mi trabajo y con \u00e9l\u00a0pretendo mostrar una selecci\u00f3n de las fotograf\u00edas que m\u00e1s me gustan y que he ordenado por destinos. Las fotograf\u00edas suelen corresponder a viajes o reportajes que incorporo una vez organizados.<\/p>\n<p><a href=\"http:\/\/www.javierfalco.com\/portfolio\"><img loading=\"lazy\" decoding=\"async\" class=\"alignleft size-full wp-image-4403 colorbox-1370\" title=\"portfolio\" src=\"https:\/\/www.javierfalco.com\/blog\/wp-content\/uploads\/2010\/04\/portfolio1.png\" alt=\"\" width=\"640\" height=\"357\" srcset=\"https:\/\/www.javierfalco.com\/blog\/wp-content\/uploads\/2010\/04\/portfolio1.png 640w, https:\/\/www.javierfalco.com\/blog\/wp-content\/uploads\/2010\/04\/portfolio1-300x167.png 300w\" sizes=\"auto, (max-width: 640px) 100vw, 640px\" \/><\/a><\/p>\n<p>&nbsp;<\/p>\n<p>&nbsp;<\/p>\n<p>&nbsp;<\/p>\n<p>&nbsp;<\/p>\n<p>&nbsp;<\/p>\n","protected":false},"excerpt":{"rendered":"<p>El\u00a0Portfolio es la principal v\u00eda que tengo para mostrar mi trabajo y con \u00e9l\u00a0pretendo mostrar una selecci\u00f3n de las fotograf\u00edas que m\u00e1s me gustan y que he ordenado por destinos. Las fotograf\u00edas suelen corresponder a viajes o reportajes que incorporo &hellip; <a href=\"https:\/\/www.javierfalco.com\/blog\/portfolio\/\">Sigue leyendo <span class=\"meta-nav\">&rarr;<\/span><\/a><\/p>\n","protected":false},"author":4,"featured_media":0,"parent":0,"menu_order":1,"comment_status":"closed","ping_status":"open","template":"","meta":{"footnotes":""},"class_list":["post-1370","page","type-page","status-publish","hentry"],"_links":{"self":[{"href":"https:\/\/www.javierfalco.com\/blog\/wp-json\/wp\/v2\/pages\/1370","targetHints":{"allow":["GET"]}}],"collection":[{"href":"https:\/\/www.javierfalco.com\/blog\/wp-json\/wp\/v2\/pages"}],"about":[{"href":"https:\/\/www.javierfalco.com\/blog\/wp-json\/wp\/v2\/types\/page"}],"author":[{"embeddable":true,"href":"https:\/\/www.javierfalco.com\/blog\/wp-json\/wp\/v2\/users\/4"}],"replies":[{"embeddable":true,"href":"https:\/\/www.javierfalco.com\/blog\/wp-json\/wp\/v2\/comments?post=1370"}],"version-history":[{"count":31,"href":"https:\/\/www.javierfalco.com\/blog\/wp-json\/wp\/v2\/pages\/1370\/revisions"}],"predecessor-version":[{"id":1419,"href":"https:\/\/www.javierfalco.com\/blog\/wp-json\/wp\/v2\/pages\/1370\/revisions\/1419"}],"wp:attachment":[{"href":"https:\/\/www.javierfalco.com\/blog\/wp-json\/wp\/v2\/media?parent=1370"}],"curies":[{"name":"wp","href":"https:\/\/api.w.org\/{rel}","templated":true}]}}